 common factor of d and t?
2
Let s(q) = -q**3 - q**2 + 3*q. Let w be s(-3). Calculate the highest common factor of 81 and w.
9
Let m be 8/(-28) + (-23)/(-7). Suppose -2*y + 30 = m*y. Suppose i + 15 = y*i. Calculate the greatest common divisor of i and 27.
3
Let a(s) = 2*s**2 - 5*s. Let n(o) = 3*o**2 - 10*o - 1. Let h(c) = -5*a(c) + 3*n(c). Let k be h(-2). What is the highest common factor of 9 and k?
3
Let n(o) = -2*o**2 + 16*o - 13. Let j be n(11). Let f = -34 - j. What is the greatest common divisor of 9 and f?
9
Suppose 5*k = 2*h - 120, -5 = -5*k + 5. Calculate the greatest common factor of 13 and h.
13
Suppose 0 = -g - 3*g. Suppose -2*k + 44 = -g*k. What is the greatest common factor of k and 33?
11
Let i(m) = 6*m + 14. Let a(r) = 6*r + 13. Let k(n) = -6*a(n) + 5*i(n). Let d be k(-6). What is the greatest common divisor of d and 4?
4
Let r(o) = -2*o + 4. Let h be r(-3). Suppose 133 = 5*j - 4*l, 10 = -3*j - 3*l + 79. Calculate the highest common factor of j and h.
5
Let g(c) = c**3 - 5. Let l be g(5). Calculate the highest common factor of l and 15.
15
Let p(u) be the first derivative of 18*u**2 - 1. Let r be p(3). Suppose 3 = c + 2*s - 3, -3*c + 3*s = -45. Calculate the greatest common factor of c and r.
12
Let l be (1092/10)/(28/70). Calculate the highest common divisor of l and 39.
39
Suppose 3*g + 80 = 8*g. What is the highest common divisor of 2 and g?
2
Let a(n) = -9*n - 9. Let d be a(-3). What is the greatest common factor of 126 and d?
18
Let f(t) = -5*t - 3*t**2 + 0*t**3 - 3*t**3 + t**3 + 2*t. Let v be f(-2). Calculate the greatest common divisor of v and 70.
10
Suppose -l - 11 = -2*c + 4*l, 4*c = l + 13. What is the highest common factor of c and 33?
3
Suppose 103*u - 10 = 102*u. Calculate the greatest common factor of 2 and u.
2
Let t be (-4 - -1) + (-1 - -32). Suppose 3*a = 118 - t. Calculate the greatest common factor of a and 10.
10
Let x(m) = 4*m**3 - m + 2*m - 3*m**3 + 2*m**2. Let v be x(2). Calculate the highest common divisor of v and 9.
9
Let w(t) = -t**2 + 9*t - 2. Let s be w(7). Let m = -1 - -4. Calculate the highest common divisor of m and s.
3
Let p(o) = -o**2 - 9*o - 5. Let r be p(-8). Calculate the greatest common factor of 21 and r.
3
Let x(o) = o**3 - 9*o**2 + 6. Let y be x(9). What is the greatest common factor of y and 4?
2
Let o = -23 - -39. Let d = -23 + 71. What is the greatest common factor of o and d?
16
Suppose -2*p = -6 + 124. Let l be -3 - (-2)/((-2)/p). Calculate the greatest common factor of l and 8.
8
Let u(n) be the second derivative of -n**4/12 + 2*n**3/3 - 2*n**2 + n. Let a be u(6). Let w = -2 - a. Calculate the greatest common factor of 14 and w.
14
Suppose 3*j + c + 33 = 0, -2*j - 28 = 2*j - 4*c. Let s = -10 - j. Let z be 22 + (s - 3) + 6. Calculate the highest common factor of z and 75.
25
Let c(x) = x**2 + 6*x + 6. Let y be (7 - 1)/(1 + -2). Let r be c(y). Suppose -k = 4*t - 15, -2*k = -2*t + 11 - 1. What is the highest common factor of r and t?
2
Let j be (1/2)/(12/24). Calculate the highest common factor of j and 3.
1
Let x = -1 - -6. Suppose x = y - 4. What is the highest common divisor of y and 27?
9
Let o = -104 - -467. What is the greatest common factor of 33 and o?
33
Let m be (-12)/(-15)*1*5. Let t(z) be the second derivative of z**4/12 + z**3/2 + 2*z**2 - 3*z. Let i be t(-4). What is the greatest common factor of m and i?
4
Let s = -26 + 36. Let x(c) = -5*c**3 + 2*c + 1. Let y be x(-1). Suppose y*d - 30 + s = 0. Calculate the greatest common divisor of d and 40.
5
Suppose -u + 2*u = 0. Let k(y) = y + 6. Let w be k(u). Let t(b) = -2*b + 14. Let c be t(4). What is the highest common divisor of c and w?
6
Let n(w) = 10*w - 1. Let z be 2/4 + 3/(-2). Let q be n(z). Let m = q + 20. Calculate the highest common factor of m and 1.
1
Let a be (0 + 4)*(-35)/(-2). What is the highest common factor of 10 and a?
10
Suppose -194 = -5*d - 64. Suppose w = 3*b - 27, 4*w = -4*b - d + 78. Calculate the highest common divisor of b and 15.
5
Let o(x) = 49*x**2 + 6*x + 8. Let q be o(-2). Calculate the highest common divisor of 16 and q.
16
Let a = -111 + 133. What is the greatest common divisor of 22 and a?
22
Let c = 40 + -22. Calculate the greatest common divisor of 144 and c.
18
Suppose 92 = 5*p + 2*m, -m - m = -5*p + 88. Suppose 0 = 4*d + 85 - 265. What is the greatest common divisor of p and d?
9
Let c = 324 + 112. Let h = c - 210. Suppose -3*p - 58 + h = 0. What is the highest common divisor of 8 and p?
8
Let o(g) = 9*g + 5. Let h be o(7). Let c = 42 + h. Calculate the highest common factor of 44 and c.
22
Suppose -8 = 2*u - 4*d, -2*u - 5*d - 5 = -33. Suppose 5*t - 3*m = 18, 0*t - u*m + 4 = -2*t. What is the greatest common factor of t and 48?
6
Suppose -y = 1, 28 = 3*k - 2*y - 1. What is the highest common divisor of 117 and k?
9
Suppose 3*d = -d + 448. Calculate the highest common factor of d and 14.
14
Let c be ((-22)/(-33))/((-4)/(-30)). What is the highest common divisor of c and 15?
5
Suppose -6*r - 124 + 844 = 0. What is the highest common divisor of 30 and r?
30
Let t be (-3)/6*-2 + 19. Suppose b + t = 5*b. Suppose b*g = 33 - 8. What is the highest common divisor of 5 and g?
5
Suppose 0 = -4*i - o + 58 + 17, 2*o = -10. What is the highest common factor of 4 and i?
4
Let r = 116 + -75. Suppose -2*h + 44 = -5*d - r, -d - 201 = -5*h. Calculate the greatest common divisor of h and 8.
8
Suppose 2*m + 176 = 4*m - 5*t, 3*t + 264 = 3*m. Calculate the highest common divisor of m and 220.
44
Let q = 5 - -7. Calculate the highest common divisor of 84 and q.
12
Suppose -5*q + 0*q + 3*s = 135, 0 = -2*s + 10. Let l be ((-2)/(-4))/((-1)/q). What is the highest common divisor of 30 and l?
6
Let v(k) = -2*k**2 + 2. Suppose a - z + 8 = 3*a, 3*a - 11 = -2*z. Let l be v(a). Let n = 143 + l. Calculate the highest common divisor of n and 38.
19
Let o = 148 - 50. What is the greatest common divisor of o and 14?
14
Suppose -3*p - 5*j = -115, 0 = -p - 0*p + 2*j + 20. Calculate the highest common factor of p and 15.
15
Let c be 256/14 - (-4)/(-14). Let t be 44/10 - 12/30. Suppose 0 = u + 4*u + 5*v, t*v = -8. Calculate the greatest common factor of u and c.
2
Let p(f) = f**2 - 12*f - 9. Let k be p(13). Suppose -k*n + 4*b + 72 = 0, -2*n + 57 = 5*b - 0*b. Calculate the greatest common divisor of 14 and n.
7
Let v(t) = t**2 - 7*t - 8. Let k be v(8). Suppose 0 = -k*o - o + 7. What is the highest common divisor of o and 56?
7
Suppose -22 = -5*i + 5*t - 2, -4*i = 2*t - 28. Let z(l) = l**3 - 6*l**2 + 4. Let c be z(i). Calculate the greatest common divisor of c and 10.
2
Let y be (122 - -2) + -2 + 2. Calculate the greatest common divisor of 31 and y.
31
Let p(x) be the first derivative of -33*x**2/2 + 3. Let k be p(-1). Suppose -2*f - 44 = -4*f. Calculate the greatest common factor of f and k.
11
Let p = 40 + 85. Let r = -76 - -126. Calculate the highest common factor of p and r.
25
Suppose 4*g + 5*p = -g - 5, 17 = -2*g - 5*p. Suppose 0 = b - 5*b + g. Let z be 3/(-1) - b*-51. Calculate the greatest common divisor of 12 and z.
12
Suppose 5*z - d = -4 - 2, -2*z - 8 = d. Let y be z - -1*(-9)/3. Let s be 1 + (0 - (y - 0)). What is the greatest common factor of s and 9?
3
Suppose 12 = -6*i + 3*i, 4*i = -5*u - 21. Let g be u*((-150)/(-2))/(-3). Calculate the greatest common divisor of g and 5.
5
Let a be (-51)/34*(-8)/6. Let c = -6 + 11. Suppose -a*z - c*k + 38 = 0, 3*z - 4*k + 2*k = 76. Calculate the greatest common factor of z and 264.
24
Let x(m) = m**2 - 2*m + 4. Let o be x(4). Suppose 4*d - d = o. Suppose -t - d*q = 18, -3*t + 2 = q + 1. Calculate the greatest common divisor of 2 and t.
2
Suppose -2*f - 21 = -227. Let c = f - 55. What is the greatest common factor of 12 and c?
12
Suppose -3*h + 101 + 34 = 0. What is the highest common factor of 15 and h?
15
Suppose 5*q - 4*o = q + 136, -5*q = 2*o - 142. What is the highest common factor of q and 10?
10
Suppose -2*t - 3*t + 15 = 0. Let d be (-8)/t*(-24)/1. Let p = 16 - 0. What is the highest common divisor of p and d?
16
Let q(k) = -k**3 + 7*k**2 + 4*k - 10. Let v be q(7). What is the greatest common divisor of 12 and v?
6
Suppose 0*a - 5*a = -90. What is the greatest common divisor of 9 and a?
9
Suppose -4*x = -3*w - 32, 4*w = 4*x - 3*x - 8. Let r(i) = i + 7. Let o be r(-6)